{"id":1770,"date":"2025-12-07T20:40:23","date_gmt":"2025-12-07T20:40:23","guid":{"rendered":"https:\/\/dev.mein-felgendesign.de\/?post_type=product&#038;p=1770"},"modified":"2025-12-07T20:40:36","modified_gmt":"2025-12-07T20:40:36","slug":"riss-schweissen","status":"publish","type":"product","link":"https:\/\/dev.mein-felgendesign.de\/index.php\/produkt\/riss-schweissen\/","title":{"rendered":"Riss Schwei\u00dfen"},"content":{"rendered":"<p>Wir bieten hiermit das Instandsetzen durch das Schwei\u00dfen deiner Felgen an.<\/p>\n<p>Hierbei handelt es sich alleine um das Schwei\u00dfen der Felge, es ist in jedem fall empfehlenswert auch eine Pulverbeschichtung zu buchen ansonsten bleibt diese Stelle unbehandelt. (blankes Aluminium)<\/p>\n<p>Die Anzahl bezieht sich auf die Anzahl der Risse.<\/p>\n<p>&nbsp;<\/p>\n<p><em>Folgende Leistungen sind in diesem Angebot enthalten:<\/em><\/p>\n<ul>\n<li>ggf. Felgenkarton (Falls ausgew\u00e4hlt)<\/li>\n<li>Versand zu uns<\/li>\n<li>Rundlaufpr\u00fcfung<\/li>\n<li>Begutachtung der Besch\u00e4digung<\/li>\n<li>Felge vorbereiten<\/li>\n<li>Besch\u00e4digte Stellen Aufschwei\u00dfen<\/li>\n<li>Schleifen<\/li>\n<li>Qualit\u00e4tskontrolle<\/li>\n<li>Versand zu dir<\/li>\n<\/ul>\n<p><em>So geht\u2019s:<\/em><\/p>\n<ol>\n<li>Ausw\u00e4hlen, ob ein Felgenkarton erw\u00fcnscht ist.<\/li>\n<li>Die Anzahl der Risse ausw\u00e4hlen.<\/li>\n<li>Die Zoll Gr\u00f6\u00dfe angeben.<\/li>\n<li>Alles in den Warenkorb, bestellen und Bezahlen.<\/li>\n<li>Je nach Auswahl deiner Bestellung, erh\u00e4ltst du innerhalb k\u00fcrzester Zeit deine Felgenkartons inkl. der Versandlabel zu uns. Solltest du keine Felgenkartons ausgew\u00e4hlt haben, bekommst du dein(e) Label per E-Mail zugesendet.<\/li>\n<\/ol>\n<p>Solltest du die Bestellung in Kombination mit einer Pulverbeschichtung oder CNC-Glanzdrehung buchen, erh\u00e4ltst du den Betrag der Versandkosten wieder gutgeschrieben.<\/p>\n","protected":false},"excerpt":{"rendered":"<p>Wir bieten hiermit das Instandsetzen durch das Schwei\u00dfen deiner Felgen an. Hierbei handelt es sich alleine um das Schwei\u00dfen der Felge, es ist in jedem fall empfehlenswert auch eine Pulverbeschichtung zu buchen ansonsten bleibt diese Stelle unbehandelt. (blankes Aluminium) Die Anzahl bezieht sich auf die Anzahl der Risse. &nbsp; Folgende Leistungen sind in diesem Angebot &#8230; <a title=\"Riss Schwei\u00dfen\" class=\"read-more\" href=\"https:\/\/dev.mein-felgendesign.de\/index.php\/produkt\/riss-schweissen\/\" aria-label=\"Mehr Informationen \u00fcber Riss Schwei\u00dfen\">Weiterlesen<\/a><\/p>\n","protected":false},"featured_media":1784,"comment_status":"closed","ping_status":"closed","template":"","meta":[],"product_brand":[],"product_cat":[100],"product_tag":[102,111,114,115,116,123,146,149,150,160,152],"class_list":{"0":"post-1770","1":"product","2":"type-product","3":"status-publish","4":"has-post-thumbnail","6":"product_cat-felgen","7":"product_tag-beschaedigte-felge","8":"product_tag-felge-hat-einen-riss","9":"product_tag-felge-schweissen","10":"product_tag-felgen","11":"product_tag-felgen-doktor","12":"product_tag-felgen-reparieren","13":"product_tag-guenstige-reparatur","14":"product_tag-schnell-felgen-reparieren","15":"product_tag-schnelle-reparatur","16":"product_tag-schweissen","17":"product_tag-starke-beschaedigungen","19":"first","20":"instock","21":"shipping-taxable","22":"purchasable","23":"product-type-variable"},"_links":{"self":[{"href":"https:\/\/dev.mein-felgendesign.de\/index.php\/wp-json\/wp\/v2\/product\/1770","targetHints":{"allow":["GET"]}}],"collection":[{"href":"https:\/\/dev.mein-felgendesign.de\/index.php\/wp-json\/wp\/v2\/product"}],"about":[{"href":"https:\/\/dev.mein-felgendesign.de\/index.php\/wp-json\/wp\/v2\/types\/product"}],"replies":[{"embeddable":true,"href":"https:\/\/dev.mein-felgendesign.de\/index.php\/wp-json\/wp\/v2\/comments?post=1770"}],"wp:featuredmedia":[{"embeddable":true,"href":"https:\/\/dev.mein-felgendesign.de\/index.php\/wp-json\/wp\/v2\/media\/1784"}],"wp:attachment":[{"href":"https:\/\/dev.mein-felgendesign.de\/index.php\/wp-json\/wp\/v2\/media?parent=1770"}],"wp:term":[{"taxonomy":"product_brand","embeddable":true,"href":"https:\/\/dev.mein-felgendesign.de\/index.php\/wp-json\/wp\/v2\/product_brand?post=1770"},{"taxonomy":"product_cat","embeddable":true,"href":"https:\/\/dev.mein-felgendesign.de\/index.php\/wp-json\/wp\/v2\/product_cat?post=1770"},{"taxonomy":"product_tag","embeddable":true,"href":"https:\/\/dev.mein-felgendesign.de\/index.php\/wp-json\/wp\/v2\/product_tag?post=1770"}],"curies":[{"name":"wp","href":"https:\/\/api.w.org\/{rel}","templated":true}]}}