{"id":1769,"date":"2025-12-07T20:40:23","date_gmt":"2025-12-07T20:40:23","guid":{"rendered":"https:\/\/dev.mein-felgendesign.de\/?post_type=product&#038;p=1769"},"modified":"2025-12-07T20:40:24","modified_gmt":"2025-12-07T20:40:24","slug":"felgen-richten","status":"publish","type":"product","link":"https:\/\/dev.mein-felgendesign.de\/index.php\/produkt\/felgen-richten\/","title":{"rendered":"Felgen Richten"},"content":{"rendered":"<p>Wir bieten hiermit das Richten deiner Felgen an.<\/p>\n<p>Deine Felge hat keinen Optimalen Rundlauf mehr? Wir k\u00f6nnen die wieder Richten!<\/p>\n<p><em>Folgende Leistungen sind in diesem Angebot enthalten:<\/em><\/p>\n<ul>\n<li>ggf. Felgenkarton (Falls ausgew\u00e4hlt)<\/li>\n<li>Versand zu uns<\/li>\n<li>Rundlaufpr\u00fcfung<\/li>\n<li>Rundlauf Richten<\/li>\n<li>Qualit\u00e4tskontrolle<\/li>\n<li>Versand zu dir<\/li>\n<\/ul>\n<p><em>So geht\u2019s:<\/em><\/p>\n<ol>\n<li>Ausw\u00e4hlen, ob ein Felgenkarton erw\u00fcnscht ist.<\/li>\n<li>Die Anzahl der Felgen ausw\u00e4hlen.<\/li>\n<li>Die Zoll Gr\u00f6\u00dfe angeben.<\/li>\n<li>Alles in den Warenkorb, bestellen und Bezahlen.<\/li>\n<li>Je nach Auswahl deiner Bestellung, erh\u00e4ltst du innerhalb k\u00fcrzester Zeit deine Felgenkartons inkl. der Versandlabel zu uns. Solltest du keine Felgenkartons ausgew\u00e4hlt haben, bekommst du dein(e) Label per E-Mail zugesendet.<\/li>\n<\/ol>\n<p>&nbsp;<\/p>\n<p>Du bestellst das Richten in Kombination einer Pulverbeschichtung oder CNC-Glanzdrehen?<\/p>\n<p>Dann erh\u00e4ltst du eine Gutschrift \u00fcber die Versandkosten.<\/p>\n","protected":false},"excerpt":{"rendered":"<p>Wir bieten hiermit das Richten deiner Felgen an. Deine Felge hat keinen Optimalen Rundlauf mehr? Wir k\u00f6nnen die wieder Richten! Folgende Leistungen sind in diesem Angebot enthalten: ggf. Felgenkarton (Falls ausgew\u00e4hlt) Versand zu uns Rundlaufpr\u00fcfung Rundlauf Richten Qualit\u00e4tskontrolle Versand zu dir So geht\u2019s: Ausw\u00e4hlen, ob ein Felgenkarton erw\u00fcnscht ist. Die Anzahl der Felgen ausw\u00e4hlen. Die &#8230; <a title=\"Felgen Richten\" class=\"read-more\" href=\"https:\/\/dev.mein-felgendesign.de\/index.php\/produkt\/felgen-richten\/\" aria-label=\"Mehr Informationen \u00fcber Felgen Richten\">Weiterlesen<\/a><\/p>\n","protected":false},"featured_media":0,"comment_status":"closed","ping_status":"closed","template":"","meta":[],"product_brand":[],"product_cat":[100],"product_tag":[112,124,159,147,148],"class_list":{"0":"post-1769","1":"product","2":"type-product","3":"status-publish","5":"product_cat-felgen","6":"product_tag-felge-hat-einen-schlag","7":"product_tag-felgen-richten","8":"product_tag-richten","9":"product_tag-rundlauf","10":"product_tag-rundlaufpruefung","12":"first","13":"instock","14":"shipping-taxable","15":"purchasable","16":"product-type-simple"},"_links":{"self":[{"href":"https:\/\/dev.mein-felgendesign.de\/index.php\/wp-json\/wp\/v2\/product\/1769","targetHints":{"allow":["GET"]}}],"collection":[{"href":"https:\/\/dev.mein-felgendesign.de\/index.php\/wp-json\/wp\/v2\/product"}],"about":[{"href":"https:\/\/dev.mein-felgendesign.de\/index.php\/wp-json\/wp\/v2\/types\/product"}],"replies":[{"embeddable":true,"href":"https:\/\/dev.mein-felgendesign.de\/index.php\/wp-json\/wp\/v2\/comments?post=1769"}],"wp:attachment":[{"href":"https:\/\/dev.mein-felgendesign.de\/index.php\/wp-json\/wp\/v2\/media?parent=1769"}],"wp:term":[{"taxonomy":"product_brand","embeddable":true,"href":"https:\/\/dev.mein-felgendesign.de\/index.php\/wp-json\/wp\/v2\/product_brand?post=1769"},{"taxonomy":"product_cat","embeddable":true,"href":"https:\/\/dev.mein-felgendesign.de\/index.php\/wp-json\/wp\/v2\/product_cat?post=1769"},{"taxonomy":"product_tag","embeddable":true,"href":"https:\/\/dev.mein-felgendesign.de\/index.php\/wp-json\/wp\/v2\/product_tag?post=1769"}],"curies":[{"name":"wp","href":"https:\/\/api.w.org\/{rel}","templated":true}]}}