{"id":1734,"date":"2025-12-07T20:40:16","date_gmt":"2025-12-07T20:40:16","guid":{"rendered":"https:\/\/dev.mein-felgendesign.de\/?post_type=product&#038;p=1734"},"modified":"2025-12-07T20:40:26","modified_gmt":"2025-12-07T20:40:26","slug":"cnc-glanzgedreht-original-cupra","status":"publish","type":"product","link":"https:\/\/dev.mein-felgendesign.de\/index.php\/produkt\/cnc-glanzgedreht-original-cupra\/","title":{"rendered":"CNC-Glanzgedreht \/ Original Cupra"},"content":{"rendered":"<p>Wir bieten hiermit CNC-Glanzdrehen deiner Cupra Felgen an.<\/p>\n<p>Du hast eine Cupra Felge ohne die Orangen-\/Kupferfarbigen Lasur? Dann bestell einfach \u00fcber die Variante: &#8222;CNC-Glanzgedreht &#8211; Original Instandsetzung&#8220;.<\/p>\n<p><em>Folgende Leistungen sind in diesem Angebot enthalten:<\/em><\/p>\n<ul>\n<li>ggf. Felgenkarton (Falls ausgew\u00e4hlt)<\/li>\n<li>Versand zu uns<\/li>\n<li>Rundlaufpr\u00fcfung<\/li>\n<li>Felgenreinigung sowie Anrauen der Oberfl\u00e4che<\/li>\n<li>Einscannen der Felgenkontur und Schadensanalyse<\/li>\n<li>Abdrehen der Felge<\/li>\n<li>Klarlack\/Klarpulverbeschichtung<\/li>\n<li>Original Orangene\/Kupfer Cupra Lasur<\/li>\n<li>Qualit\u00e4tskontrolle<\/li>\n<li>Versand zu dir<\/li>\n<\/ul>\n<p><em>So geht\u2019s:<\/em><\/p>\n<ol>\n<li>Ausw\u00e4hlen, ob ein Felgenkarton erw\u00fcnscht ist.<\/li>\n<li>Die Anzahl der Felgen ausw\u00e4hlen.<\/li>\n<li>Die Zoll Gr\u00f6\u00dfe angeben.<\/li>\n<li>Alles in den Warenkorb, bestellen und Bezahlen.<\/li>\n<li>Je nach Auswahl deiner Bestellung, erh\u00e4ltst du innerhalb k\u00fcrzester Zeit deine Felgenkartons inkl. der Versandlabel zu uns. Solltest du keine Felgenkartons ausgew\u00e4hlt haben, bekommst du dein(e) Label per E-Mail zugesendet.<\/li>\n<\/ol>\n<p>&nbsp;<\/p>\n","protected":false},"excerpt":{"rendered":"<p>Wir bieten hiermit CNC-Glanzdrehen deiner Cupra Felgen an. Du hast eine Cupra Felge ohne die Orangen-\/Kupferfarbigen Lasur? Dann bestell einfach \u00fcber die Variante: &#8222;CNC-Glanzgedreht &#8211; Original Instandsetzung&#8220;. Folgende Leistungen sind in diesem Angebot enthalten: ggf. Felgenkarton (Falls ausgew\u00e4hlt) Versand zu uns Rundlaufpr\u00fcfung Felgenreinigung sowie Anrauen der Oberfl\u00e4che Einscannen der Felgenkontur und Schadensanalyse Abdrehen der Felge &#8230; <a title=\"CNC-Glanzgedreht \/ Original Cupra\" class=\"read-more\" href=\"https:\/\/dev.mein-felgendesign.de\/index.php\/produkt\/cnc-glanzgedreht-original-cupra\/\" aria-label=\"Mehr Informationen \u00fcber CNC-Glanzgedreht \/ Original Cupra\">Weiterlesen<\/a><\/p>\n","protected":false},"featured_media":1752,"comment_status":"closed","ping_status":"closed","template":"","meta":[],"product_brand":[],"product_cat":[100],"product_tag":[102,105,140,141,107,108,155,156,111,112,113,115,116,119,120,121,122,123,142,125,126,143,144,146,128,129,130,131,132,133,134,157,135,149,151,158,152,153],"class_list":{"0":"post-1734","1":"product","2":"type-product","3":"status-publish","4":"has-post-thumbnail","6":"product_cat-felgen","7":"product_tag-beschaedigte-felge","8":"product_tag-bordsteinschaeden","9":"product_tag-cnc","10":"product_tag-cnc-glanzdrehen","11":"product_tag-cupra-felgen","12":"product_tag-cupra-felgen-instandsetzen","13":"product_tag-cupra-lasur","14":"product_tag-cupra-smart-reaparieren","15":"product_tag-felge-hat-einen-riss","16":"product_tag-felge-hat-einen-schlag","17":"product_tag-felge-in-sonderfarbe","18":"product_tag-felgen","19":"product_tag-felgen-doktor","20":"product_tag-felgen-instandsetzung","21":"product_tag-felgen-lackierung","22":"product_tag-felgen-original","23":"product_tag-felgen-pulvern","24":"product_tag-felgen-reparieren","25":"product_tag-felgen-smart-repair","26":"product_tag-felgen-wie-ab-werk-instand-setzen","27":"product_tag-felgen-wie-original","28":"product_tag-geld-sparen","29":"product_tag-glanzgedrehte-felgen","30":"product_tag-guenstige-reparatur","31":"product_tag-klarlack","32":"product_tag-lackierung","33":"product_tag-leasingruecklaeufer","34":"product_tag-nasslack","35":"product_tag-nasslackierung","36":"product_tag-orangene-cupra-lasur","37":"product_tag-original","38":"product_tag-originale-cupra-lasur","39":"product_tag-originale-lacke","40":"product_tag-schnell-felgen-reparieren","41":"product_tag-smart-repair","42":"product_tag-sonderfarben","43":"product_tag-starke-beschaedigungen","44":"product_tag-zweifarbige-felgen","45":"product_shipping_class-versandkostenfrei","47":"first","48":"instock","49":"shipping-taxable","50":"purchasable","51":"product-type-variable"},"_links":{"self":[{"href":"https:\/\/dev.mein-felgendesign.de\/index.php\/wp-json\/wp\/v2\/product\/1734","targetHints":{"allow":["GET"]}}],"collection":[{"href":"https:\/\/dev.mein-felgendesign.de\/index.php\/wp-json\/wp\/v2\/product"}],"about":[{"href":"https:\/\/dev.mein-felgendesign.de\/index.php\/wp-json\/wp\/v2\/types\/product"}],"replies":[{"embeddable":true,"href":"https:\/\/dev.mein-felgendesign.de\/index.php\/wp-json\/wp\/v2\/comments?post=1734"}],"wp:featuredmedia":[{"embeddable":true,"href":"https:\/\/dev.mein-felgendesign.de\/index.php\/wp-json\/wp\/v2\/media\/1752"}],"wp:attachment":[{"href":"https:\/\/dev.mein-felgendesign.de\/index.php\/wp-json\/wp\/v2\/media?parent=1734"}],"wp:term":[{"taxonomy":"product_brand","embeddable":true,"href":"https:\/\/dev.mein-felgendesign.de\/index.php\/wp-json\/wp\/v2\/product_brand?post=1734"},{"taxonomy":"product_cat","embeddable":true,"href":"https:\/\/dev.mein-felgendesign.de\/index.php\/wp-json\/wp\/v2\/product_cat?post=1734"},{"taxonomy":"product_tag","embeddable":true,"href":"https:\/\/dev.mein-felgendesign.de\/index.php\/wp-json\/wp\/v2\/product_tag?post=1734"}],"curies":[{"name":"wp","href":"https:\/\/api.w.org\/{rel}","templated":true}]}}