{"id":1686,"date":"2025-12-07T20:39:56","date_gmt":"2025-12-07T20:39:56","guid":{"rendered":"https:\/\/dev.mein-felgendesign.de\/?post_type=product&#038;p=1686"},"modified":"2025-12-07T20:40:21","modified_gmt":"2025-12-07T20:40:21","slug":"cnc-glanzgedreht-original-instandsetzung","status":"publish","type":"product","link":"https:\/\/dev.mein-felgendesign.de\/index.php\/produkt\/cnc-glanzgedreht-original-instandsetzung\/","title":{"rendered":"CNC-Glanzgedreht &#8211; Original Instandsetzung"},"content":{"rendered":"<p>Wir bieten hiermit CNC-Glanzdrehen deiner Felgen an.<\/p>\n<p>&nbsp;<\/p>\n<p><em>Folgende Leistungen sind in diesem Angebot enthalten:<\/em><\/p>\n<ul>\n<li>ggf. Felgenkarton (Falls ausgew\u00e4hlt)<\/li>\n<li>Versand zu uns<\/li>\n<li>Rundlaufpr\u00fcfung<\/li>\n<li>Felgenreinigung sowie Anrauen der Oberfl\u00e4che<\/li>\n<li>Einscannen der Felgenkontur und Schadensanalyse<\/li>\n<li>Abdrehen der Felge<\/li>\n<li>Klarlack\/Klarpulverbeschichtung wie ab Werk<\/li>\n<li>Qualit\u00e4tskontrolle<\/li>\n<li>Versand zu dir<\/li>\n<\/ul>\n<p><em>So geht\u2019s:<\/em><\/p>\n<ol>\n<li>Ausw\u00e4hlen, ob ein Felgenkarton erw\u00fcnscht ist.<\/li>\n<li>Die Anzahl der Felgen ausw\u00e4hlen.<\/li>\n<li>Die Zoll Gr\u00f6\u00dfe angeben.<\/li>\n<li>Alles in den Warenkorb, bestellen und Bezahlen.<\/li>\n<li>Je nach Auswahl deiner Bestellung, erh\u00e4ltst du innerhalb k\u00fcrzester Zeit deine Felgenkartons inkl. der Versandlabel zu uns. Solltest du keine Felgenkartons ausgew\u00e4hlt haben, bekommst du dein(e) Label per E-Mail zugesendet.<\/li>\n<\/ol>\n","protected":false},"excerpt":{"rendered":"<p>Wir bieten hiermit CNC-Glanzdrehen deiner Felgen an. &nbsp; Folgende Leistungen sind in diesem Angebot enthalten: ggf. Felgenkarton (Falls ausgew\u00e4hlt) Versand zu uns Rundlaufpr\u00fcfung Felgenreinigung sowie Anrauen der Oberfl\u00e4che Einscannen der Felgenkontur und Schadensanalyse Abdrehen der Felge Klarlack\/Klarpulverbeschichtung wie ab Werk Qualit\u00e4tskontrolle Versand zu dir So geht\u2019s: Ausw\u00e4hlen, ob ein Felgenkarton erw\u00fcnscht ist. Die Anzahl der &#8230; <a title=\"CNC-Glanzgedreht &#8211; Original Instandsetzung\" class=\"read-more\" href=\"https:\/\/dev.mein-felgendesign.de\/index.php\/produkt\/cnc-glanzgedreht-original-instandsetzung\/\" aria-label=\"Mehr Informationen \u00fcber CNC-Glanzgedreht &#8211; Original Instandsetzung\">Weiterlesen<\/a><\/p>\n","protected":false},"featured_media":1719,"comment_status":"closed","ping_status":"closed","template":"","meta":[],"product_brand":[],"product_cat":[100],"product_tag":[102,105,140,141,115,116,119,120,121,123,142,125,126,143,144,145,146,127,128,129,130,134,135,147,148,149,150,151,152,138,139,153],"class_list":{"0":"post-1686","1":"product","2":"type-product","3":"status-publish","4":"has-post-thumbnail","6":"product_cat-felgen","7":"product_tag-beschaedigte-felge","8":"product_tag-bordsteinschaeden","9":"product_tag-cnc","10":"product_tag-cnc-glanzdrehen","11":"product_tag-felgen","12":"product_tag-felgen-doktor","13":"product_tag-felgen-instandsetzung","14":"product_tag-felgen-lackierung","15":"product_tag-felgen-original","16":"product_tag-felgen-reparieren","17":"product_tag-felgen-smart-repair","18":"product_tag-felgen-wie-ab-werk-instand-setzen","19":"product_tag-felgen-wie-original","20":"product_tag-geld-sparen","21":"product_tag-glanzgedrehte-felgen","22":"product_tag-grundierung","23":"product_tag-guenstige-reparatur","24":"product_tag-instandsetzung","25":"product_tag-klarlack","26":"product_tag-lackierung","27":"product_tag-leasingruecklaeufer","28":"product_tag-original","29":"product_tag-originale-lacke","30":"product_tag-rundlauf","31":"product_tag-rundlaufpruefung","32":"product_tag-schnell-felgen-reparieren","33":"product_tag-schnelle-reparatur","34":"product_tag-smart-repair","35":"product_tag-starke-beschaedigungen","36":"product_tag-wie-ab-werk","37":"product_tag-wie-original-herstellen","38":"product_tag-zweifarbige-felgen","39":"product_shipping_class-versandkostenfrei","41":"first","42":"instock","43":"shipping-taxable","44":"purchasable","45":"product-type-variable"},"_links":{"self":[{"href":"https:\/\/dev.mein-felgendesign.de\/index.php\/wp-json\/wp\/v2\/product\/1686","targetHints":{"allow":["GET"]}}],"collection":[{"href":"https:\/\/dev.mein-felgendesign.de\/index.php\/wp-json\/wp\/v2\/product"}],"about":[{"href":"https:\/\/dev.mein-felgendesign.de\/index.php\/wp-json\/wp\/v2\/types\/product"}],"replies":[{"embeddable":true,"href":"https:\/\/dev.mein-felgendesign.de\/index.php\/wp-json\/wp\/v2\/comments?post=1686"}],"wp:featuredmedia":[{"embeddable":true,"href":"https:\/\/dev.mein-felgendesign.de\/index.php\/wp-json\/wp\/v2\/media\/1719"}],"wp:attachment":[{"href":"https:\/\/dev.mein-felgendesign.de\/index.php\/wp-json\/wp\/v2\/media?parent=1686"}],"wp:term":[{"taxonomy":"product_brand","embeddable":true,"href":"https:\/\/dev.mein-felgendesign.de\/index.php\/wp-json\/wp\/v2\/product_brand?post=1686"},{"taxonomy":"product_cat","embeddable":true,"href":"https:\/\/dev.mein-felgendesign.de\/index.php\/wp-json\/wp\/v2\/product_cat?post=1686"},{"taxonomy":"product_tag","embeddable":true,"href":"https:\/\/dev.mein-felgendesign.de\/index.php\/wp-json\/wp\/v2\/product_tag?post=1686"}],"curies":[{"name":"wp","href":"https:\/\/api.w.org\/{rel}","templated":true}]}}